{"id":3782,"date":"2018-08-20T10:42:34","date_gmt":"2018-08-20T10:42:34","guid":{"rendered":"http:\/\/oshinewptheme.com\/v44\/?page_id=3782"},"modified":"2025-10-10T15:04:43","modified_gmt":"2025-10-10T18:04:43","slug":"about-2","status":"publish","type":"page","link":"https:\/\/mateusborgesvascular.com.br\/teste\/about-2\/","title":{"rendered":"About Us \u2013 v44"},"content":{"rendered":"<div  class=\"tatsu-fugdazalgy3acajm tatsu-section  tatsu-fullscreen tatsu-bg-overlay  tatsu-animate tatsu-clearfix\" data-title=\"\" data-animation=\"slideInDown\"   data-headerscheme=\"background--dark\"><div class=\"tatsu-fullscreen-wrap\"><div class='tatsu-section-pad clearfix' data-padding='{\"d\":\"150px 0px 150px 0px \",\"m\":\"150px 0px 150px 0px \"}' data-padding-top='150px'><div class=\"tatsu-row-wrap  tatsu-wrap tatsu-row-one-col tatsu-row-has-one-cols tatsu-medium-gutter tatsu-reg-cols  tatsu-clearfix tatsu-fugdazalnh2008rl\" ><div  class=\"tatsu-row \" ><div  class=\"tatsu-column  tatsu-column-no-bg tatsu-one-col tatsu-column-image-none tatsu-column-effect-none  tatsu-fugdazalved12ggm\"  data-parallax-speed=\"0\" style=\"\"><div class=\"tatsu-column-inner \" ><div class=\"tatsu-column-pad-wrap\"><div class=\"tatsu-column-pad\" ><div  class=\"tatsu-module tatsu-inline-text clearfix tatsu-fugdazan1zbkuzeq   tatsu-animate\" data-animation=\"fadeInUp\"  ><style>.tatsu-fugdazan1zbkuzeq .tatsu-inline-text-inner{width: 100%;text-align: left;}<\/style><div class=\"tatsu-inline-text-inner tatsu-align-center\">\n<h1 style=\"text-align: center;\"><span style=\"color: #f9f9f9;\">Excel\u00eancia, Experi\u00eancia e Lideran\u00e7a no Cuidado Vascular<\/span><\/h1>\n<\/div><\/div><\/div><\/div><div class = \"tatsu-column-bg-image-wrap\"><div class = \"tatsu-column-bg-image\" ><\/div><\/div><\/div><style>.tatsu-row > .tatsu-fugdazalved12ggm.tatsu-column{width: 100%;}.tatsu-fugdazalved12ggm.tatsu-column > .tatsu-column-inner > .tatsu-column-overlay{mix-blend-mode: none;}.tatsu-fugdazalved12ggm > .tatsu-column-inner > .tatsu-top-divider{z-index: 9999;}.tatsu-fugdazalved12ggm > .tatsu-column-inner > .tatsu-bottom-divider{z-index: 9999;}.tatsu-fugdazalved12ggm > .tatsu-column-inner > .tatsu-left-divider{z-index: 9999;}.tatsu-fugdazalved12ggm > .tatsu-column-inner > .tatsu-right-divider{z-index: 9999;}@media only screen and (max-width:1377px) {.tatsu-row > .tatsu-fugdazalved12ggm.tatsu-column{width: 100%;}}@media only screen and (min-width:768px) and (max-width: 1024px) {.tatsu-row > .tatsu-fugdazalved12ggm.tatsu-column{width: 100%;}}@media only screen and (max-width: 767px) {.tatsu-row > .tatsu-fugdazalved12ggm.tatsu-column{width: 100%;}}<\/style><\/div><\/div><\/div><\/div><div class=\"tatsu-section-background-wrap\"><div class = \"tatsu-section-background\" ><\/div><\/div><div class=\"tatsu-overlay tatsu-section-overlay\"><\/div><\/div><div class = \"tatsu-shape-divider tatsu-bottom-divider tatsu-shape-over\"><svg xmlns=\"http:\/\/www.w3.org\/2000\/svg\" preserveAspectRatio=\"none\" viewBox=\"0 0 1920 120\">\n  <path fill-rule=\"evenodd\" d=\"M0,0 C320,60 640,90 960,90 C1280,90 1600,60 1920,0 L1920,120 L0,120 L0,0 Z\"\/>\n<\/svg>\n<\/div><style>.tatsu-fugdazalgy3acajm .tatsu-section-background{background-image: url(https:\/\/mateusborgesvascular.com.br\/teste\/wp-content\/uploads\/2025\/07\/ABF-DR.-MATEUS-8.jpg);background-repeat: no-repeat;background-attachment: scroll;background-position: center center;background-size: cover;}.tatsu-fugdazalgy3acajm .tatsu-bg-blur{background-repeat: no-repeat;background-attachment: scroll;background-position: center center;background-size: cover;}.tatsu-fugdazalgy3acajm .tatsu-section-pad{padding: 150px 0px 150px 0px ;}.tatsu-fugdazalgy3acajm > .tatsu-bottom-divider{height: 150px;color: #ffffff ;z-index: 9999;}.tatsu-fugdazalgy3acajm > .tatsu-top-divider{z-index: 9999;}.tatsu-fugdazalgy3acajm .tatsu-section-overlay{background: rgba(0,0,0,0.45);mix-blend-mode: normal;}.tatsu-fugdazalgy3acajm .tatsu-fullscreen-wrap{align-items: center;}@media only screen and (max-width:1377px) {.tatsu-fugdazalgy3acajm > .tatsu-bottom-divider{height: 70px;}}@media only screen and (max-width: 767px) {.tatsu-fugdazalgy3acajm .tatsu-section-pad{padding: 150px 0px 150px 0px ;}.tatsu-fugdazalgy3acajm > .tatsu-bottom-divider{height: 40px;}}<\/style><\/div><div  class=\"tatsu-r18ox9IPxx tatsu-section    tatsu-clearfix\" data-title=\"\"  data-headerscheme=\"background--dark\"><div class='tatsu-section-pad clearfix' data-padding='{\"d\":\"90px 0px 0px 0px\"}' data-padding-top='90px'><div class=\"tatsu-row-wrap  tatsu-row-full-width tatsu-row-has-one-half tatsu-row-has-two-cols tatsu-no-gutter tatsu-eq-cols  tatsu-clearfix tatsu-HygUjgq8Dgx\" ><div  class=\"tatsu-row \" ><div  class=\"tatsu-column  tatsu-one-half tatsu-column-align-middle tatsu-column-image-none tatsu-column-effect-none  tatsu-ByWIjgqUPex\"  data-parallax-speed=\"0\" style=\"\"><div class=\"tatsu-column-inner \" ><div class=\"tatsu-column-pad-wrap\"><div class=\"tatsu-column-pad\" ><div  class=\"tatsu-module tatsu-inline-text clearfix tatsu-HJMLil9Lvgx   tatsu-animate\" data-animation=\"fadeInLeft\"  ><style>.tatsu-HJMLil9Lvgx .tatsu-inline-text-inner{width: 100%;text-align: left;}<\/style><div class=\"tatsu-inline-text-inner tatsu-align-center\">\n<h4>Sobre Mim<\/h4>\n<p>Sou <strong>m&eacute;dico<\/strong> formado pela <strong>UFMG, PhD<\/strong> pela <strong>UNIFESP<\/strong>, com mais de <strong>20 anos de experi&ecirc;ncia<\/strong> e h&aacute; mais mais de <strong>15 anos atuando como cirurgi&atilde;o vascular<\/strong>. Minha carreira combina pr&aacute;tica cl&iacute;nica, pesquisa cient&iacute;fica e ensino, sempre com o compromisso de oferecer um atendimento humano, &eacute;tico e atualizado. Atuo com foco em <strong>tratamentos modernos e minimamente invasivos<\/strong>, apoiados em evid&ecirc;ncias cient&iacute;ficas s&oacute;lidas e tecnologia de ponta.<\/p>\n<p><strong>Forma&ccedil;&atilde;o e T&iacute;tulos<\/strong><\/p>\n<p>&bull; M&eacute;dico pela <strong>Faculdade de Medicina da UFMG<br \/><\/strong>&bull; <strong>Doutor<\/strong> em <strong>Ci&ecirc;ncias<\/strong> pela <strong>UNIFESP &#8211; Escola Paulista de Medicina<br \/><\/strong>&bull; Resid&ecirc;ncia M&eacute;dica em <strong>Cirurgia Geral e Vascular<\/strong> &ndash; Hospital Metropolitano Odilon Behrens<br \/>&bull; Especializa&ccedil;&atilde;o em <strong>Cirurgia Endovascular<\/strong> &ndash; Hospital das Cl&iacute;nicas da UFMG<\/p>\n<\/div><\/div><\/div><\/div><div class = \"tatsu-column-bg-image-wrap\"><div class = \"tatsu-column-bg-image\" ><\/div><\/div><\/div><style>.tatsu-row > .tatsu-ByWIjgqUPex.tatsu-column{width: 50%;}.tatsu-ByWIjgqUPex.tatsu-column > .tatsu-column-inner{background-color: rgba(255,255,255,1);}.tatsu-ByWIjgqUPex.tatsu-column > .tatsu-column-inner > .tatsu-column-pad-wrap > .tatsu-column-pad{padding: 90px 10% 90px 20% ;}.tatsu-ByWIjgqUPex.tatsu-column > .tatsu-column-inner > .tatsu-column-overlay{mix-blend-mode: none;}.tatsu-ByWIjgqUPex > .tatsu-column-inner > .tatsu-top-divider{z-index: 9999;}.tatsu-ByWIjgqUPex > .tatsu-column-inner > .tatsu-bottom-divider{z-index: 9999;}.tatsu-ByWIjgqUPex > .tatsu-column-inner > .tatsu-left-divider{z-index: 9999;}.tatsu-ByWIjgqUPex > .tatsu-column-inner > .tatsu-right-divider{z-index: 9999;}@media only screen and (max-width: 767px) {.tatsu-row > .tatsu-ByWIjgqUPex.tatsu-column{width: 100%;}}<\/style><\/div><div  class=\"tatsu-column  tatsu-column-empty tatsu-one-half tatsu-animate tatsu-column-align-middle tatsu-column-image-none tatsu-column-effect-none  tatsu-S1E8sxc8wge\" data-animation=\"fadeInRight\"   data-parallax-speed=\"0\" style=\"\"><div class=\"tatsu-column-inner \" ><div class=\"tatsu-column-pad-wrap\"><div class=\"tatsu-column-pad\" ><\/div><\/div><div class = \"tatsu-column-bg-image-wrap\"><div class = \"tatsu-column-bg-image\" ><\/div><\/div><\/div><style>.tatsu-row > .tatsu-S1E8sxc8wge.tatsu-column{width: 50%;}.tatsu-S1E8sxc8wge.tatsu-column > .tatsu-column-inner > .tatsu-column-bg-image-wrap > .tatsu-column-bg-image{background-image: url(https:\/\/mateusborgesvascular.com.br\/teste\/wp-content\/uploads\/2025\/07\/ABF-DR.-MATEUS-9.jpg);background-repeat: no-repeat;background-attachment: scroll;background-position: center center;background-size: cover;}.tatsu-S1E8sxc8wge.tatsu-column > .tatsu-column-inner > .tatsu-bg-blur{background-repeat: no-repeat;background-attachment: scroll;background-position: center center;background-size: cover;}.tatsu-S1E8sxc8wge.tatsu-column > .tatsu-column-inner > .tatsu-column-overlay{mix-blend-mode: none;}.tatsu-S1E8sxc8wge > .tatsu-column-inner > .tatsu-top-divider{z-index: 9999;}.tatsu-S1E8sxc8wge > .tatsu-column-inner > .tatsu-bottom-divider{z-index: 9999;}.tatsu-S1E8sxc8wge > .tatsu-column-inner > .tatsu-left-divider{z-index: 9999;}.tatsu-S1E8sxc8wge > .tatsu-column-inner > .tatsu-right-divider{z-index: 9999;}@media only screen and (max-width: 767px) {.tatsu-row > .tatsu-S1E8sxc8wge.tatsu-column{width: 100%;}}<\/style><\/div><\/div><\/div><\/div><div class=\"tatsu-section-background-wrap\"><div class = \"tatsu-section-background\" ><\/div><\/div><style>.tatsu-r18ox9IPxx .tatsu-section-pad{padding: 90px 0px 0px 0px;}.tatsu-r18ox9IPxx > .tatsu-bottom-divider{z-index: 9999;}.tatsu-r18ox9IPxx > .tatsu-top-divider{z-index: 9999;}<\/style><\/div>\n","protected":false},"excerpt":{"rendered":"<p><a href=\"https:\/\/mateusborgesvascular.com.br\/teste\/about-2\/\" class=\"more-link style1-button\">Read More<\/a><\/p>","protected":false},"author":1,"featured_media":0,"parent":0,"menu_order":0,"comment_status":"closed","ping_status":"closed","template":"","meta":{"footnotes":""},"class_list":["post-3782","page","type-page","status-publish","hentry"],"_links":{"self":[{"href":"https:\/\/mateusborgesvascular.com.br\/teste\/wp-json\/wp\/v2\/pages\/3782","targetHints":{"allow":["GET"]}}],"collection":[{"href":"https:\/\/mateusborgesvascular.com.br\/teste\/wp-json\/wp\/v2\/pages"}],"about":[{"href":"https:\/\/mateusborgesvascular.com.br\/teste\/wp-json\/wp\/v2\/types\/page"}],"author":[{"embeddable":true,"href":"https:\/\/mateusborgesvascular.com.br\/teste\/wp-json\/wp\/v2\/users\/1"}],"replies":[{"embeddable":true,"href":"https:\/\/mateusborgesvascular.com.br\/teste\/wp-json\/wp\/v2\/comments?post=3782"}],"version-history":[{"count":5,"href":"https:\/\/mateusborgesvascular.com.br\/teste\/wp-json\/wp\/v2\/pages\/3782\/revisions"}],"predecessor-version":[{"id":3895,"href":"https:\/\/mateusborgesvascular.com.br\/teste\/wp-json\/wp\/v2\/pages\/3782\/revisions\/3895"}],"wp:attachment":[{"href":"https:\/\/mateusborgesvascular.com.br\/teste\/wp-json\/wp\/v2\/media?parent=3782"}],"curies":[{"name":"wp","href":"https:\/\/api.w.org\/{rel}","templated":true}]}}